digit of 1327043?
1
What is the thousands digit of 119876?
9
What is the millions digit of 2809021?
2
What is the units digit of 827904?
4
What is the hundred thousands digit of 7206475?
2
What is the hundreds digit of 6556384?
3
What is the hundreds digit of 1925494?
4
What is the thousands digit of 696850?
6
What is the hundred thousands digit of 334411?
3
What is the units digit of 679299?
9
What is the hundreds digit of 485793?
7
What is the hundred thousands digit of 106569?
1
What is the units digit of 19928366?
6
What is the hundred thousands digit of 133822?
1
What is the thousands digit of 36171103?
1
What is the thousands digit of 2694686?
4
What is the ten thousands digit of 510248?
1
What is the hundred thousands digit of 9055404?
0
What is the ten thousands digit of 288065?
8
What is the tens digit of 7563419?
1
What is the thousands digit of 525418?
5
What is the tens digit of 2545836?
3
What is the thousands digit of 506890?
6
What is the units digit of 82144?
4
What is the millions digit of 21794819?
1
What is the units digit of 518624?
4
What is the thousands digit of 802248?
2
What is the ten millions digit of 20742761?
2
What is the hundreds digit of 7091596?
5
What is the ten thousands digit of 598471?
9
What is the millions digit of 31777317?
1
What is the units digit of 29793?
3
What is the ten thousands digit of 757864?
5
What is the thousands digit of 214062?
4
What is the hundreds digit of 100821?
8
What is the tens digit of 267110?
1
What is the tens digit of 623665?
6
What is the thousands digit of 210158?
0
What is the thousands digit of 8081133?
1
What is the tens digit of 6582910?
1
What is the units digit of 32229?
9
What is the millions digit of 3224416?
3
What is the tens digit of 360434?
3
What is the millions digit of 9121304?
9
What is the thousands digit of 39511?
9
What is the ten thousands digit of 1830234?
3
What is the thousands digit of 595930?
5
What is the hundred thousands digit of 8259414?
2
What is the units digit of 193006?
6
What is the tens digit of 2243091?
9
What is the tens digit of 553112?
1
What is the ten thousands digit of 11352947?
5
What is the tens digit of 1617266?
6
What is the ten thousands digit of 337038?
3
What is the tens digit of 4284782?
8
What is the thousands digit of 2388078?
8
What is the thousands digit of 1872269?
2
What is the hundred thousands digit of 1368352?
3
What is the ten thousands digit of 696847?
9
What is the hundred thousands digit of 108209?
1
What is the tens digit of 18512?
1
What is the units digit of 230611?
1
What is the units digit of 1334050?
0
What is the units digit of 25620713?
3
What is the thousands digit of 183065?
3
What is the units digit of 320740?
0
What is the hundreds digit of 23389?
3
What is the hundreds digit of 4283933?
9
What is the ten thousands digit of 639589?
3
What is the hundreds digit of 440802?
8
What is the ten thousands digit of 6226830?
2
What is the tens digit of 17806597?
9
What is the units digit of 28796646?
6
What is the hundreds digit of 1463515?
5
What is the thousands digit of 49550?
9
What is the hundred thousands digit of 3197022?
1
What is the tens digit of 4557447?
4
What is the tens digit of 568071?
7
What is the millions digit of 9700701?
9
What is the hundreds digit of 228375?
3
What is the units digit of 2666122?
2
What is the thousands digit of 1995899?
5
What is the millions digit of 4018997?
4
What is the units digit of 394235?
5
What is the thousands digit of 1303599?
3
What is the hundreds digit of 4671005?
0
What is the tens digit of 2406424?
2
What is the units digit of 439171?
1
What is the thousands digit of 2221604?
1
What is the tens digit of 183486?
8
What is the hundred thousands digit of 8306931?
3
What is the hundreds digit of 962499?
4
What is the ten millions digit of 11600402?
1
What is the ten thousands digit of 4883943?
8
What is the thousands digit of 7287?
7
What is the ten millions digit of 20865584?
2
What is the hundred thousands digit of 1643310?
6
What is the hundreds digit of 1544239?
2
What is the hundred thousands digit of 12326204?
3
What is the tens digit of 16410897?
9
What is the tens digit of 541100?
0
What is the units digit of 2423676?
6
What is the hundreds digit of 201302?
3
What is the ten millions digit of 25345770?
2
What is the units digit of 30014?
4
What is the hundreds digit of 727770?
7
What is the millions digit of 4601399?
4
What is the units digit of 213442?
2
What is the thousands digit of 361193?
1
What is the ten millions digit of 29796508?
2
What is the hundreds digit of 25352690?
6
What is the hundred thousands digit of 116050?
1
What is the thousands digit of 93291?
3
What is the hundred thousands digit of 3626830?
6
What is the hundreds digit of 83334?
3
What is the tens digit of 2481196?
9
What is the hundreds digit of 63528?
5
What is the hundreds digit of 27263156?
1
What is the ten thousands digit of 11782961?
8
What is the thousands digit of 1920943?
0
What is the thousands digit of 99186?
9
What is the thousands digit of 5857390?
7
What is the units digit of 1127040?
0
What is the units digit of 2248368?
8
What is the units digit of 27886?
6
What is the tens digit of 251764?
6
What is the hundred thousands digit of 2992096?
9
What is the units digit of 3560093?
3
What is the thousands digit of 5508457?
8
What is the millions digit of 15568035?
5
What is the ten thousands digit of 1609528?
0
What is the units digit of 1958879?
9
What is the ten thousands digit of 9716217?
1
What is the hundreds digit of 88077?
0
What is the millions digit of 5863242?
5
What is the hundreds digit of 69683?
6
What is the units digit of 6183373?
3
What is the ten thousands digit of 638696?
3
What is the units digit of 6212141?
1
What is the tens digit of 21499199?
9
What is the hundred thousands digit of 11613558?
6
What is the units digit of 258707?
7
What is the thousands digit of 7699148?
9
What is the millions digit of 6671807?
6
What is the ten thousands digit of 12929555?
2
What is the thousands digit of 1389817?
9
What is the hundreds digit of 887352?
3
What is the thousands digit of 8094492?
4
What is the ten thousands digit of 496292?
9
What is the tens digit of 2173129?
2
What is the thousands digit of 426348?
6
What is the hundreds digit of 254295?
2
What is the tens digit of 15336694?
9
What is the tens digit of 23868630?
3
What is the ten thousands digit of 3113219?
1
What is the tens digit of 438250?
5
What is the hundreds digit of 1687223?
2
What is the ten thousands digit of 969272?
6
What is the tens digit of 460173?
7
What is the units digit of 2570976?
6
What is the thousands digit of 8739463?
9
What is the thousands digit of 1763400?
3
What is the units digit of 3667475?
5
What is the units digit of 592087?
7
What is the millions digit of 19246960?
9
What is the millions digit of 9590096?
9
What is the tens digit of 126092?
9
What is the thousands digit of 154014?
4
What is the ten thousands digit of 6696656?
9
What is the units digit of 11840?
0
What is the tens digit of 1522530?
3
What is the tens digit of 45957?
5
What is the hundreds digit of 249727?
7
What is the hundreds digit of 10739847?
8
What is the hundreds digit of 766430?
4
What is the millions digit of 32741812?
2
What is the hundred thousands digit of 1867266?
8
What is the units digit of 1442240?
0
What is the hundreds digit of 65896?
8
What is the units digit of 10847531?
1
What is the units digit of 838996?
6
What is the tens digit of 3890067?
6
What is the tens digit of 1726259?
5
What is the units digit of 136271?
1
What is the ten thousands digit of 4418428?
1
What is the units digit of 485843?
3
What is the hundred thousands digit of 286361?
2
What is the hundred thousands digit of 473669?
4
What is the thousands digit of 3783951?
3
What is the hundreds digit of 4373772?
7
What is the tens digit of 63815?
1
What is the thousands digit of 5647345?
7
What is the hundred thousands digit of 162320?
1
What is the hundred thousands digit of 31245083?
2
What is the hundreds digit of 604219?
2
What is the hundred thousands digit of 847705?
8
What is the thousands digit of 228082?
8
What is the ten thousands digit of 2307986?
0
What is the units digit of 2287727?
7
What is the 